inder when 2595 is divided by 666?
597
What is the remainder when 139 is divided by 136?
3
Calculate the remainder when 85770 is divided by 343.
20
What is the remainder when 1431 is divided by 112?
87
What is the remainder when 83711 is divided by 654?
653
What is the remainder when 255851 is divided by 207?
206
What is the remainder when 13855 is divided by 28?
23
What is the remainder when 29971 is divided by 365?
41
What is the remainder when 525945 is divided by 282?
15
What is the remainder when 5784 is divided by 913?
306
What is the remainder when 36222 is divided by 805?
802
Calculate the remainder when 133589 is divided by 89.
0
What is the remainder when 4233 is divided by 51?
0
Calculate the remainder when 102588 is divided by 20505.
63
What is the remainder when 3764 is divided by 1049?
617
What is the remainder when 69576 is divided by 71?
67
Calculate the remainder when 81947 is divided by 110.
107
What is the remainder when 672359 is divided by 60?
59
Calculate the remainder when 3251 is divided by 55.
6
Calculate the remainder when 8635 is divided by 91.
81
What is the remainder when 18762 is divided by 400?
362
What is the remainder when 59042 is divided by 111?
101
What is the remainder when 1220521 is divided by 19?
18
What is the remainder when 22242 is divided by 22213?
29
What is the remainder when 89931 is divided by 154?
149
What is the remainder when 82061 is divided by 146?
9
What is the remainder when 1895924 is divided by 3524?
12
Calculate the remainder when 31167 is divided by 2396.
19
What is the remainder when 320761 is divided by 73?
72
What is the remainder when 35960 is divided by 12?
8
Calculate the remainder when 202381 is divided by 67454.
19
Calculate the remainder when 87368 is divided by 60.
8
What is the remainder when 8252 is divided by 820?
52
What is the remainder when 7532 is divided by 222?
206
Calculate the remainder when 3705 is divided by 306.
33
Calculate the remainder when 306 is divided by 68.
34
What is the remainder when 3994 is divided by 1633?
728
What is the remainder when 10535 is divided by 2629?
19
What is the remainder when 81425 is divided by 54?
47
What is the remainder when 25712 is divided by 717?
617
Calculate the remainder when 7498 is divided by 3686.
126
Calculate the remainder when 235197 is divided by 22.
17
Calculate the remainder when 10192 is divided by 379.
338
What is the remainder when 39579 is divided by 136?
3
Calculate the remainder when 1641618 is divided by 1383.
1380
Calculate the remainder when 300 is divided by 44.
36
What is the remainder when 142289 is divided by 15?
14
What is the remainder when 247961 is divided by 78?
77
What is the remainder when 8194 is divided by 48?
34
Calculate the remainder when 31605 is divided by 144.
69
What is the remainder when 20678 is divided by 291?
17
What is the remainder when 815 is divided by 41?
36
Calculate the remainder when 584138 is divided by 194711.
5
Calculate the remainder when 118144 is divided by 278.
272
Calculate the remainder when 9508 is divided by 30.
28
Calculate the remainder when 19923 is divided by 684.
87
What is the remainder when 22953 is divided by 18?
3
What is the remainder when 499067 is divided by 130?
127
What is the remainder when 21809 is divided by 4?
1
Calculate the remainder when 26279 is divided by 26144.
135
What is the remainder when 11888 is divided by 48?
32
What is the remainder when 202886 is divided by 14491?
12
What is the remainder when 24191 is divided by 2418?
11
Calculate the remainder when 8332 is divided by 2755.
67
What is the remainder when 569 is divided by 140?
9
What is the remainder when 1582 is divided by 142?
20
Calculate the remainder when 92579 is divided by 23101.
175
Calculate the remainder when 60805 is divided by 15011.
761
Calculate the remainder when 46423 is divided by 25.
23
Calculate the remainder when 6608 is divided by 759.
536
What is the remainder when 195094 is divided by 44?
42
What is the remainder when 2671 is divided by 16?
15
Calculate the remainder when 306779 is divided by 22.
11
Calculate the remainder when 1135 is divided by 85.
30
Calculate the remainder when 2470 is divided by 41.
10
What is the remainder when 6883 is divided by 6874?
9
Calculate the remainder when 34407 is divided by 136.
135
What is the remainder when 99338 is divided by 138?
116
What is the remainder when 34806 is divided by 397?
267
Calculate the remainder when 205329 is divided by 284.
281
What is the remainder when 45824 is divided by 15?
14
What is the remainder when 2017 is divided by 367?
182
Calculate the remainder when 79992 is divided by 104.
16
Calculate the remainder when 56112 is divided by 5100.
12
Calculate the remainder when 3736 is divided by 98.
12
Calculate the remainder when 274467 is divided by 1715.
67
Calculate the remainder when 128563 is divided by 53.
38
What is the remainder when 10906 is divided by 162?
52
What is the remainder when 531461 is divided by 171?
164
What is the remainder when 526719 is divided by 2290?
19
What is the remainder when 348376 is divided by 31?
29
What is the remainder when 18548 is divided by 286?
244
What is the remainder when 41615 is divided by 694?
669
Calculate the remainder when 534677 is divided by 567.
563
What is the remainder when 4845 is divided by 66?
27
What is the remainder when 12849 is divided by 118?
105
Calculate the remainder when 542516 is divided by 135625.
16
What is the remainder when 5627 is divided by 28?
27
Calculate the remainder when 7728 is divided by 324.
276
Calculate the remainder when 384785 is divided by 166.
163
Calculate the remainder when 37433 is divided by 144.
137
Calculate the remainder when 3525 is divided by 267.
54
Calculate the remainder when 3519 is divided by 48.
15
What is the remainder when 26453 is divided by 199?
185
Calculate the remainder when 194565 is divided by 804.
801
What is the remainder when 250748 is divided by 25?
23
What is the remainder when 113127 is divided by 690?
657
What is the remainder when 22822 is divided by 7604?
10
Calculate the remainder when 4017 is divided by 44.
13
What is the remainder when 1162 is divided by 404?
354
Calculate the remainder when 982 is divided by 295.
97
Calculate the remainder when 603839 is divided by 100639.
5
Calculate the remainder when 50196 is divided by 16.
4
Calculate the remainder when 81852 is divided by 79.
8
What is the remainder when 1958157 is divided by 246?
243
Calculate the remainder when 624 is divided by 36.
12
What is the remainder when 8082 is divided by 113?
59
Calculate the remainder when 794507 is divided by 132.
131
Calculate the remainder when 602960 is divided by 36.
32
What is the remainder when 1479 is divided by 362?
31
What is the remainder when 616261 is divided by 46?
45
What is the remainder when 1497872 is divided by 579?
578
Calculate the remainder when 532 is divided by 122.
44
What is the remainder when 9355 is divided by 32?
11
Calculate the remainder when 597428 is divided by 76.
68
Calculate the remainder when 4427 is divided by 148.
135
Calculate the remainder when 59101 is divided by 118.
101
Calculate the remainder when 4463 is divided by 124.
123
What is the remainder when 5912 is divided by 5512?
400
What is the remainder when 26641 is divided by 16?
1
Calculate the remainder when 7530 is divided by 31.
28
Calculate the remainder when 1248 is divided by 1104.
144
Calculate the remainder when 784340 is divided by 261442.
14
What is the remainder when 2947237 is divided by 35?
27
Calculate the remainder when 5361 is divided by 191.
13
Calculate the remainder when 2713 is divided by 212.
169
What is the remainder when 72651 is divided by 1050?
201
Calculate the remainder when 25448 is divided by 3180.
8
What is the remainder when 47566 is divided by 1284?
58
Calculate the remainder when 534513 is divided by 267256.
1
Calculate the remainder when 42431 is divided by 556.
175
What is the remainder when 299652 is divided by 56?
52
Calculate the remainder when 40216 is divided by 220.
176
What is the remainder when 3360 is divided by 2502?
858
Calculate the remainder when 3455 is divided by 344.
15
Calculate the remainder when 1326813 is divided by 24.
21
Calculate the rema